{"id":7604,"date":"2025-11-10T02:18:00","date_gmt":"2025-11-10T01:18:00","guid":{"rendered":"https:\/\/etev7e.pef.czu.cz\/zs2223\/?post_type=product&#038;p=7604"},"modified":"2025-11-10T02:37:59","modified_gmt":"2025-11-10T01:37:59","slug":"starlife-carnosine-star-60-kapsli","status":"publish","type":"product","link":"https:\/\/etev7e.pef.czu.cz\/zs2223\/produkt\/starlife-carnosine-star-60-kapsli\/","title":{"rendered":"Starlife Carnosine Star 60 kapsl\u00ed"},"content":{"rendered":"<p><span id=\"yui_3_18_1_1_1762694891775_20\">V roce 1953 rusk\u00fd v\u011bdec S. E. Severin zjistil, \u017ee karnosin \u00fa\u010dinn\u011b neutralizuje kyselinu ml\u00e9\u010dnou, kterou vytv\u00e1\u0159ej\u00ed pracuj\u00edc\u00ed svaly, a \u017ee jeho dopln\u011bn\u00ed zvy\u0161uje s\u00edlu stahu sval\u016f a jejich odolnost v\u016f\u010di \u00fanav\u011b. B\u011bhem n\u00e1mahy se ve svalu hromad\u00ed kyselina ml\u00e9\u010dn\u00e1, \u010d\u00edm\u017e kles\u00e1 pH a roste kyselost \u2013 hlavn\u00ed p\u0159\u00ed\u010dina svalov\u00e9ho vy\u010derp\u00e1n\u00ed. Pokud je v\u0161ak dod\u00e1n karnosin, sval se t\u00e9m\u011b\u0159 okam\u017eit\u011b zotav\u00ed a funguje, jako by nebyl unaven\u00fd. V posledn\u00ed dob\u011b se o tuto v\u00fdjime\u010dnou, netoxickou l\u00e1tku v\u00fdrazn\u011b zv\u00fd\u0161il z\u00e1jem, zejm\u00e9na v souvislosti s v\u011bdeck\u00fdmi poznatky o jej\u00edm vlivu na zpomalen\u00ed st\u00e1rnut\u00ed.\u00a0<\/span>Vitamin E sukcin\u00e1t se p\u0159\u00edmo pod\u00edl\u00ed na fungov\u00e1n\u00ed Krebsova cyklu \u2013 kl\u00ed\u010dov\u00e9 metabolick\u00e9 dr\u00e1hy, kter\u00e1 zaji\u0161\u0165uje tvorbu energie v bu\u0148k\u00e1ch. D\u00edky tomu m\u00e1 roz\u0161\u00ed\u0159en\u00e9 ochrann\u00e9 schopnosti, v\u010detn\u011b schopnosti chr\u00e1nit bu\u0148ky p\u0159i oza\u0159ov\u00e1n\u00ed. Z\u00e1rove\u0148 zvy\u0161uje citlivost n\u00e1dorov\u00fdch bun\u011bk na radioterapii, \u010d\u00edm\u017e zlep\u0161uje \u00fa\u010dinnost l\u00e9\u010dby.\u00a0Za objev koenzymu Q10 byla v roce 1978 britsk\u00e9mu v\u011bdci Petru Mitchellovi ud\u011blena Nobelova cena. Tento objev odhalil jeden z kl\u00ed\u010d\u016f k dlouhov\u011bkosti: koenzym Q10 je nezbytn\u00fd pro spr\u00e1vnou funkci ka\u017ed\u00e9 bu\u0148ky. P\u0159irozen\u00e1 schopnost t\u011bla vytv\u00e1\u0159et CoQ10 s v\u011bkem kles\u00e1 \u2013 nejvy\u0161\u0161\u00ed hladinu m\u00e1 \u010dlov\u011bk kolem dvac\u00e1t\u00e9ho roku \u017eivota, pot\u00e9 produkce postupn\u011b ub\u00fdv\u00e1.<\/p>\n","protected":false},"excerpt":{"rendered":"<p>Karnosin, p\u0159\u00edrodn\u00ed l\u00e1tka podporuj\u00edc\u00ed dlouhov\u011bkost, \u00fa\u010dinn\u011b napom\u00e1h\u00e1 obnov\u011b sval\u016f. Svaly se zotavuj\u00ed t\u00e9m\u011b\u0159 okam\u017eit\u011b a funguj\u00ed, jako by nebyly v\u016fbec unaven\u00fd.<\/p>\n","protected":false},"featured_media":7733,"comment_status":"open","ping_status":"closed","template":"","meta":[],"product_brand":[2252],"product_cat":[2217,2251,2063,1126,1027],"product_tag":[192,2253],"class_list":{"0":"post-7604","1":"product","2":"type-product","3":"status-publish","4":"has-post-thumbnail","6":"product_brand-starlife","7":"product_cat-doplnky-stravy","8":"product_cat-suplementy","9":"product_cat-vychozi","10":"product_cat-prirodni-doplnky-stravy","11":"product_cat-zdravy-zivotni-styl","12":"product_tag-doplnky-stravy","13":"product_tag-suplementy","15":"first","16":"instock","17":"sale","18":"taxable","19":"shipping-taxable","20":"purchasable","21":"product-type-simple"},"jetpack_sharing_enabled":true,"_links":{"self":[{"href":"https:\/\/etev7e.pef.czu.cz\/zs2223\/wp-json\/wp\/v2\/product\/7604","targetHints":{"allow":["GET"]}}],"collection":[{"href":"https:\/\/etev7e.pef.czu.cz\/zs2223\/wp-json\/wp\/v2\/product"}],"about":[{"href":"https:\/\/etev7e.pef.czu.cz\/zs2223\/wp-json\/wp\/v2\/types\/product"}],"replies":[{"embeddable":true,"href":"https:\/\/etev7e.pef.czu.cz\/zs2223\/wp-json\/wp\/v2\/comments?post=7604"}],"wp:featuredmedia":[{"embeddable":true,"href":"https:\/\/etev7e.pef.czu.cz\/zs2223\/wp-json\/wp\/v2\/media\/7733"}],"wp:attachment":[{"href":"https:\/\/etev7e.pef.czu.cz\/zs2223\/wp-json\/wp\/v2\/media?parent=7604"}],"wp:term":[{"taxonomy":"product_brand","embeddable":true,"href":"https:\/\/etev7e.pef.czu.cz\/zs2223\/wp-json\/wp\/v2\/product_brand?post=7604"},{"taxonomy":"product_cat","embeddable":true,"href":"https:\/\/etev7e.pef.czu.cz\/zs2223\/wp-json\/wp\/v2\/product_cat?post=7604"},{"taxonomy":"product_tag","embeddable":true,"href":"https:\/\/etev7e.pef.czu.cz\/zs2223\/wp-json\/wp\/v2\/product_tag?post=7604"}],"curies":[{"name":"wp","href":"https:\/\/api.w.org\/{rel}","templated":true}]}}