{"id":7608,"date":"2025-11-09T16:02:00","date_gmt":"2025-11-09T15:02:00","guid":{"rendered":"https:\/\/etev7e.pef.czu.cz\/zs2223\/?post_type=product&#038;p=7608"},"modified":"2025-11-09T19:49:33","modified_gmt":"2025-11-09T18:49:33","slug":"performance-amino-electrolytes-complex","status":"publish","type":"product","link":"https:\/\/etev7e.pef.czu.cz\/zs2223\/produkt\/performance-amino-electrolytes-complex\/","title":{"rendered":"Performance Amino Electrolytes Complex"},"content":{"rendered":"<p>Performance Amino Electrolytes Complex je pr\u00e1\u0161kov\u00fd dopln\u011bk stravy ur\u010den\u00fd pro sportovce a fyzicky aktivn\u00ed jedince. Obsahuje kombinaci 12 esenci\u00e1ln\u00edch aminokyselin (EAA) a elektrolyt\u016f z\u00edskan\u00fdch z Great Salt Lake (Velk\u00e9ho Soln\u00e9ho jezera) v Utahu.\u00a0Aminokyseliny jsou z\u00edsk\u00e1ny fermenta\u010dn\u00ed technologi\u00ed a elektrolyty poch\u00e1zej\u00ed z p\u0159\u00edrodn\u00ed soln\u00e9 koncentrace jezera. Slazeno je pouze p\u0159\u00edrodn\u00edmi sladidly \u2013 st\u00e9vi\u00ed a inulinem z ko\u0159ene \u010dekanky, bez syntetick\u00fdch sladidel. Produkt m\u00e1 podporovat hydrataci, regeneraci a r\u016fst sval\u016f b\u011bhem \u010di po tr\u00e9ninku. D\u00e1le je testov\u00e1n v nez\u00e1visl\u00e9 akreditovan\u00e9 laborato\u0159i s certifikac\u00ed pro \u010distotu a absenci zak\u00e1zan\u00fdch l\u00e1tek. Balen\u00ed obsahuje 600 g, co\u017e odpov\u00edd\u00e1 p\u0159ibli\u017en\u011b 40 d\u00e1vk\u00e1m.<\/p>\n","protected":false},"excerpt":{"rendered":"<p>Performance Amino Electrolytes Complex je pr\u00e1\u0161kov\u00fd dopln\u011bk stravy ur\u010den\u00fd pro sportovce a fyzicky aktivn\u00ed jedince. Obsahuje kombinaci 12 esenci\u00e1ln\u00edch aminokyselin (EAA) a elektrolyt\u016f z\u00edskan\u00fdch z Great Salt Lake (Velk\u00e9ho Soln\u00e9ho jezera) v Utahu.\u00a0Aminokyseliny jsou z\u00edsk\u00e1ny fermenta\u010dn\u00ed technologi\u00ed a elektrolyty poch\u00e1zej\u00ed z p\u0159\u00edrodn\u00ed soln\u00e9 koncentrace jezera. Slazeno je pouze p\u0159\u00edrodn\u00edmi sladidly \u2013 st\u00e9vi\u00ed a inulinem z [&hellip;]<\/p>\n","protected":false},"featured_media":7677,"comment_status":"open","ping_status":"closed","template":"","meta":[],"product_brand":[],"product_cat":[1892],"product_tag":[192,2227,2226,2228],"class_list":{"0":"post-7608","1":"product","2":"type-product","3":"status-publish","4":"has-post-thumbnail","6":"product_cat-doplnkystravy2025","7":"product_tag-doplnky-stravy","8":"product_tag-hydratace-a-vykon","9":"product_tag-regenerace-a-vyziva","10":"product_tag-sportovni-vyziva","12":"first","13":"instock","14":"taxable","15":"shipping-taxable","16":"purchasable","17":"product-type-simple"},"jetpack_sharing_enabled":true,"_links":{"self":[{"href":"https:\/\/etev7e.pef.czu.cz\/zs2223\/wp-json\/wp\/v2\/product\/7608","targetHints":{"allow":["GET"]}}],"collection":[{"href":"https:\/\/etev7e.pef.czu.cz\/zs2223\/wp-json\/wp\/v2\/product"}],"about":[{"href":"https:\/\/etev7e.pef.czu.cz\/zs2223\/wp-json\/wp\/v2\/types\/product"}],"replies":[{"embeddable":true,"href":"https:\/\/etev7e.pef.czu.cz\/zs2223\/wp-json\/wp\/v2\/comments?post=7608"}],"wp:featuredmedia":[{"embeddable":true,"href":"https:\/\/etev7e.pef.czu.cz\/zs2223\/wp-json\/wp\/v2\/media\/7677"}],"wp:attachment":[{"href":"https:\/\/etev7e.pef.czu.cz\/zs2223\/wp-json\/wp\/v2\/media?parent=7608"}],"wp:term":[{"taxonomy":"product_brand","embeddable":true,"href":"https:\/\/etev7e.pef.czu.cz\/zs2223\/wp-json\/wp\/v2\/product_brand?post=7608"},{"taxonomy":"product_cat","embeddable":true,"href":"https:\/\/etev7e.pef.czu.cz\/zs2223\/wp-json\/wp\/v2\/product_cat?post=7608"},{"taxonomy":"product_tag","embeddable":true,"href":"https:\/\/etev7e.pef.czu.cz\/zs2223\/wp-json\/wp\/v2\/product_tag?post=7608"}],"curies":[{"name":"wp","href":"https:\/\/api.w.org\/{rel}","templated":true}]}}