{"id":7655,"date":"2025-11-09T18:44:37","date_gmt":"2025-11-09T17:44:37","guid":{"rendered":"https:\/\/etev7e.pef.czu.cz\/zs2223\/?post_type=product&#038;p=7655"},"modified":"2025-11-09T18:44:37","modified_gmt":"2025-11-09T17:44:37","slug":"panske-kozene-kotnikove-boty-tmave-hnede","status":"publish","type":"product","link":"https:\/\/etev7e.pef.czu.cz\/zs2223\/produkt\/panske-kozene-kotnikove-boty-tmave-hnede\/","title":{"rendered":"P\u00e1nsk\u00e9 ko\u017een\u00e9 kotn\u00edkov\u00e9 boty \u2013 tmav\u011b hn\u011bd\u00e9"},"content":{"rendered":"<p>Elegantn\u00ed p\u00e1nsk\u00e9 kotn\u00edkov\u00e9 boty z prav\u00e9 hladk\u00e9 k\u016f\u017ee v tmav\u011b hn\u011bd\u00e9 barv\u011b p\u0159edstavuj\u00ed ide\u00e1ln\u00ed kombinaci stylu a pohodl\u00ed. D\u00edky klasick\u00e9mu tvaru s jemn\u00fdm \u0161n\u011brov\u00e1n\u00edm se hod\u00ed jak k form\u00e1ln\u00edmu, tak i le\u017e\u00e9rn\u00edmu outfitu. Kvalitn\u00ed ko\u017een\u00fd svr\u0161ek je dopln\u011bn pevnou gumovou podr\u00e1\u017ekou, kter\u00e1 zaru\u010duje stabilitu a odolnost proti opot\u0159eben\u00ed. M\u011bkk\u00e1 vnit\u0159n\u00ed vlo\u017eka zaji\u0161\u0165uje komfort i p\u0159i celodenn\u00edm no\u0161en\u00ed. Tyto boty jsou skv\u011blou volbou pro ka\u017ed\u00e9ho mu\u017ee, kter\u00fd si potrp\u00ed na precizn\u00ed zpracov\u00e1n\u00ed a nad\u010dasov\u00fd design.<\/p>\n","protected":false},"excerpt":{"rendered":"<p>P\u00e1nsk\u00e1 podzimn\u00ed\/zimn\u00ed kotn\u00edkov\u00e1 obuv tmav\u011b hn\u011bd\u00e9 barvy. Elegantn\u00ed m\u011bstsk\u00fd styl pro ka\u017edou p\u0159\u00edle\u017eitost.<\/p>\n","protected":false},"featured_media":7656,"comment_status":"open","ping_status":"closed","template":"","meta":[],"product_brand":[2230],"product_cat":[2174],"product_tag":[2177,2240,2247,2246,2175,824,843],"class_list":{"0":"post-7655","1":"product","2":"type-product","3":"status-publish","4":"has-post-thumbnail","6":"product_brand-dakaj","7":"product_cat-boty","8":"product_tag-elegantnistyl","9":"product_tag-hneda","10":"product_tag-kotnikovaobuv","11":"product_tag-kozeneboty","12":"product_tag-panskaobuv","13":"product_tag-podzim","14":"product_tag-zima","16":"first","17":"instock","18":"sale","19":"taxable","20":"shipping-taxable","21":"purchasable","22":"product-type-variable"},"jetpack_sharing_enabled":true,"_links":{"self":[{"href":"https:\/\/etev7e.pef.czu.cz\/zs2223\/wp-json\/wp\/v2\/product\/7655","targetHints":{"allow":["GET"]}}],"collection":[{"href":"https:\/\/etev7e.pef.czu.cz\/zs2223\/wp-json\/wp\/v2\/product"}],"about":[{"href":"https:\/\/etev7e.pef.czu.cz\/zs2223\/wp-json\/wp\/v2\/types\/product"}],"replies":[{"embeddable":true,"href":"https:\/\/etev7e.pef.czu.cz\/zs2223\/wp-json\/wp\/v2\/comments?post=7655"}],"wp:featuredmedia":[{"embeddable":true,"href":"https:\/\/etev7e.pef.czu.cz\/zs2223\/wp-json\/wp\/v2\/media\/7656"}],"wp:attachment":[{"href":"https:\/\/etev7e.pef.czu.cz\/zs2223\/wp-json\/wp\/v2\/media?parent=7655"}],"wp:term":[{"taxonomy":"product_brand","embeddable":true,"href":"https:\/\/etev7e.pef.czu.cz\/zs2223\/wp-json\/wp\/v2\/product_brand?post=7655"},{"taxonomy":"product_cat","embeddable":true,"href":"https:\/\/etev7e.pef.czu.cz\/zs2223\/wp-json\/wp\/v2\/product_cat?post=7655"},{"taxonomy":"product_tag","embeddable":true,"href":"https:\/\/etev7e.pef.czu.cz\/zs2223\/wp-json\/wp\/v2\/product_tag?post=7655"}],"curies":[{"name":"wp","href":"https:\/\/api.w.org\/{rel}","templated":true}]}}