{"id":7747,"date":"2025-11-10T03:27:08","date_gmt":"2025-11-10T02:27:08","guid":{"rendered":"https:\/\/etev7e.pef.czu.cz\/zs2223\/?post_type=product&#038;p=7747"},"modified":"2025-11-10T03:30:45","modified_gmt":"2025-11-10T02:30:45","slug":"starlife-vitamin-c-1000-star-60-kapsli","status":"publish","type":"product","link":"https:\/\/etev7e.pef.czu.cz\/zs2223\/produkt\/starlife-vitamin-c-1000-star-60-kapsli\/","title":{"rendered":"Starlife Vitamin C 1000 Star 60 kapsl\u00ed"},"content":{"rendered":"<p>Vitamin C 1000 Star obsahuje v\u00fdta\u017eek z r\u016f\u017ee \u0161\u00edpkov\u00e9 (Rosa canina), kter\u00e1 je p\u0159irozen\u00fdm zdrojem vitam\u00ednu C, obsahuj\u00edc\u00edho a\u017e desetkr\u00e1t v\u00edce vitam\u00ednu C ne\u017e citrusy. Pat\u0159\u00ed mezi z\u00e1kladn\u00ed vitam\u00edny, kter\u00e9 t\u011blo pot\u0159ebuje. Tento vitam\u00edn podporuje tvorbu kolagenu, co\u017e je d\u016fle\u017eit\u00e9 pro spr\u00e1vnou funkci c\u00e9v, kost\u00ed, poko\u017eky, zub\u016f a d\u00e1sn\u00ed.\u00a0Vitamin C tak\u00e9 p\u0159isp\u00edv\u00e1 ke spr\u00e1vn\u00e9 funkci imunitn\u00edho syst\u00e9mu a chr\u00e1n\u00ed bu\u0148ky p\u0159ed oxida\u010dn\u00edm stresem. Pom\u00e1h\u00e1 sni\u017eovat \u00fanavu a vy\u010derp\u00e1n\u00ed, podporuje psychickou pohodu a zvy\u0161uje vst\u0159eb\u00e1v\u00e1n\u00ed \u017eeleza. Nav\u00edc se pod\u00edl\u00ed na tvorb\u011b kolagenu v c\u00e9v\u00e1ch, kostech, chrupavk\u00e1ch, d\u00e1sn\u00edch a k\u016f\u017ei, a je d\u016fle\u017eit\u00fd pro spr\u00e1vnou \u010dinnost nervov\u00e9 soustavy. Vitam\u00edn C hraje tak\u00e9 kl\u00ed\u010dovou roli v energetick\u00e9m metabolismu t\u011bla.<\/p>\n","protected":false},"excerpt":{"rendered":"<p>Vitamin C 1000 Star podporuje lep\u0161\u00ed vst\u0159eb\u00e1v\u00e1n\u00ed \u017eeleza v t\u011ble. Tak\u00e9 p\u0159isp\u00edv\u00e1 k norm\u00e1ln\u00ed psychick\u00e9 aktivit\u011b a podporuje spr\u00e1vnou funkci nervov\u00e9 soustavy. Tento vitamin je antioxidant, kter\u00fd pom\u00e1h\u00e1 chr\u00e1nit bu\u0148ky p\u0159ed stresem a t\u00edm z\u00e1rove\u0148 posiluje imunitn\u00ed syst\u00e9m.<\/p>\n","protected":false},"featured_media":7748,"comment_status":"open","ping_status":"closed","template":"","meta":[],"product_brand":[2252],"product_cat":[2217,2251,2063,1126,1027],"product_tag":[192,2253],"class_list":{"0":"post-7747","1":"product","2":"type-product","3":"status-publish","4":"has-post-thumbnail","6":"product_brand-starlife","7":"product_cat-doplnky-stravy","8":"product_cat-suplementy","9":"product_cat-vychozi","10":"product_cat-prirodni-doplnky-stravy","11":"product_cat-zdravy-zivotni-styl","12":"product_tag-doplnky-stravy","13":"product_tag-suplementy","15":"first","16":"instock","17":"sale","18":"taxable","19":"shipping-taxable","20":"purchasable","21":"product-type-simple"},"jetpack_sharing_enabled":true,"_links":{"self":[{"href":"https:\/\/etev7e.pef.czu.cz\/zs2223\/wp-json\/wp\/v2\/product\/7747","targetHints":{"allow":["GET"]}}],"collection":[{"href":"https:\/\/etev7e.pef.czu.cz\/zs2223\/wp-json\/wp\/v2\/product"}],"about":[{"href":"https:\/\/etev7e.pef.czu.cz\/zs2223\/wp-json\/wp\/v2\/types\/product"}],"replies":[{"embeddable":true,"href":"https:\/\/etev7e.pef.czu.cz\/zs2223\/wp-json\/wp\/v2\/comments?post=7747"}],"wp:featuredmedia":[{"embeddable":true,"href":"https:\/\/etev7e.pef.czu.cz\/zs2223\/wp-json\/wp\/v2\/media\/7748"}],"wp:attachment":[{"href":"https:\/\/etev7e.pef.czu.cz\/zs2223\/wp-json\/wp\/v2\/media?parent=7747"}],"wp:term":[{"taxonomy":"product_brand","embeddable":true,"href":"https:\/\/etev7e.pef.czu.cz\/zs2223\/wp-json\/wp\/v2\/product_brand?post=7747"},{"taxonomy":"product_cat","embeddable":true,"href":"https:\/\/etev7e.pef.czu.cz\/zs2223\/wp-json\/wp\/v2\/product_cat?post=7747"},{"taxonomy":"product_tag","embeddable":true,"href":"https:\/\/etev7e.pef.czu.cz\/zs2223\/wp-json\/wp\/v2\/product_tag?post=7747"}],"curies":[{"name":"wp","href":"https:\/\/api.w.org\/{rel}","templated":true}]}}