{"id":7881,"date":"2025-11-10T18:01:22","date_gmt":"2025-11-10T17:01:22","guid":{"rendered":"https:\/\/etev7e.pef.czu.cz\/zs2223\/?post_type=product&#038;p=7881"},"modified":"2025-11-10T18:56:12","modified_gmt":"2025-11-10T17:56:12","slug":"trust-gxt-255-onyx-mikrofon-s-ramenem-cerna","status":"publish","type":"product","link":"https:\/\/etev7e.pef.czu.cz\/zs2223\/produkt\/trust-gxt-255-onyx-mikrofon-s-ramenem-cerna\/","title":{"rendered":"Trust GXT 255+ Onyx (mikrofon s ramenem), \u010dern\u00e1"},"content":{"rendered":"<h3 id=\"yui_3_18_1_1_1762793368557_33\"><span lang=\"cs-cz\" xml:lang=\"cs-cz\">Extern\u00ed mikrofon pro streamov\u00e1n\u00ed<\/span><\/h3>\n<p>Bu\u010f sly\u0161et jasn\u011b a z\u0159eteln\u011b! Profesion\u00e1ln\u00ed mikrofon zajist\u00ed \u010dist\u00fd zvuk bez \u0161umu, ide\u00e1ln\u00ed pro streamov\u00e1n\u00ed,\u00a0podcasty\u00a0i videohovory. Stylov\u00fd design a nastaviteln\u00fd stojan dopln\u00ed ka\u017ed\u00fd setup.<\/p>\n","protected":false},"excerpt":{"rendered":"<p>Extern\u00ed mikrofon pro streamov\u00e1n\u00ed Bu\u010f sly\u0161et jasn\u011b a z\u0159eteln\u011b! Profesion\u00e1ln\u00ed mikrofon zajist\u00ed \u010dist\u00fd zvuk bez \u0161umu, ide\u00e1ln\u00ed pro streamov\u00e1n\u00ed,\u00a0podcasty\u00a0i videohovory. Stylov\u00fd design a nastaviteln\u00fd stojan dopln\u00ed ka\u017ed\u00fd setup.<\/p>\n","protected":false},"featured_media":7901,"comment_status":"open","ping_status":"closed","template":"","meta":[],"product_brand":[2299],"product_cat":[2303,2301],"product_tag":[2100,463,2314,2313,2316,2317,2315,2312],"class_list":{"0":"post-7881","1":"product","2":"type-product","3":"status-publish","4":"has-post-thumbnail","6":"product_brand-katedra-gamming","7":"product_cat-mikrofon-s-ramenem","8":"product_cat-prislusenstvi-k-pocitaci","9":"product_tag-led","10":"product_tag-cerna","11":"product_tag-kardioidni","12":"product_tag-kondenzatorovy","13":"product_tag-podcast","14":"product_tag-rameno","15":"product_tag-streamovani","16":"product_tag-usb","18":"first","19":"onbackorder","20":"sale","21":"taxable","22":"shipping-taxable","23":"purchasable","24":"product-type-simple"},"jetpack_sharing_enabled":true,"_links":{"self":[{"href":"https:\/\/etev7e.pef.czu.cz\/zs2223\/wp-json\/wp\/v2\/product\/7881","targetHints":{"allow":["GET"]}}],"collection":[{"href":"https:\/\/etev7e.pef.czu.cz\/zs2223\/wp-json\/wp\/v2\/product"}],"about":[{"href":"https:\/\/etev7e.pef.czu.cz\/zs2223\/wp-json\/wp\/v2\/types\/product"}],"replies":[{"embeddable":true,"href":"https:\/\/etev7e.pef.czu.cz\/zs2223\/wp-json\/wp\/v2\/comments?post=7881"}],"wp:featuredmedia":[{"embeddable":true,"href":"https:\/\/etev7e.pef.czu.cz\/zs2223\/wp-json\/wp\/v2\/media\/7901"}],"wp:attachment":[{"href":"https:\/\/etev7e.pef.czu.cz\/zs2223\/wp-json\/wp\/v2\/media?parent=7881"}],"wp:term":[{"taxonomy":"product_brand","embeddable":true,"href":"https:\/\/etev7e.pef.czu.cz\/zs2223\/wp-json\/wp\/v2\/product_brand?post=7881"},{"taxonomy":"product_cat","embeddable":true,"href":"https:\/\/etev7e.pef.czu.cz\/zs2223\/wp-json\/wp\/v2\/product_cat?post=7881"},{"taxonomy":"product_tag","embeddable":true,"href":"https:\/\/etev7e.pef.czu.cz\/zs2223\/wp-json\/wp\/v2\/product_tag?post=7881"}],"curies":[{"name":"wp","href":"https:\/\/api.w.org\/{rel}","templated":true}]}}