{"id":7891,"date":"2025-11-10T18:10:59","date_gmt":"2025-11-10T17:10:59","guid":{"rendered":"https:\/\/etev7e.pef.czu.cz\/zs2223\/?post_type=product&#038;p=7891"},"modified":"2025-11-10T18:43:06","modified_gmt":"2025-11-10T17:43:06","slug":"razer-strider-chroma-cerna-2","status":"publish","type":"product","link":"https:\/\/etev7e.pef.czu.cz\/zs2223\/produkt\/razer-strider-chroma-cerna-2\/","title":{"rendered":"Razer Strider Chroma, \u010dern\u00e1"},"content":{"rendered":"<p>Styl, p\u0159esnost a pohodl\u00ed v jednom. Podlo\u017eka nab\u00edz\u00ed hladk\u00fd povrch pro maxim\u00e1ln\u00ed p\u0159esnost my\u0161i a nastaviteln\u00e9 RGB podsv\u00edcen\u00ed, kter\u00e9 rozz\u00e1\u0159\u00ed tv\u016fj hern\u00ed st\u016fl. Ide\u00e1ln\u00ed dopln\u011bk pro ka\u017ed\u00e9ho hr\u00e1\u010de s citem pro detail.<\/p>\n","protected":false},"excerpt":{"rendered":"<p>Styl, p\u0159esnost a pohodl\u00ed v jednom. Podlo\u017eka nab\u00edz\u00ed hladk\u00fd povrch pro maxim\u00e1ln\u00ed p\u0159esnost my\u0161i a nastaviteln\u00e9 RGB podsv\u00edcen\u00ed, kter\u00e9 rozz\u00e1\u0159\u00ed tv\u016fj hern\u00ed st\u016fl. Ide\u00e1ln\u00ed dopln\u011bk pro ka\u017ed\u00e9ho hr\u00e1\u010de s citem pro detail.<\/p>\n","protected":false},"featured_media":7888,"comment_status":"open","ping_status":"closed","template":"","meta":[],"product_brand":[2299],"product_cat":[2318,2301],"product_tag":[463,162,2320,2183,2311,2319],"class_list":{"0":"post-7891","1":"product","2":"type-product","3":"status-publish","4":"has-post-thumbnail","6":"product_brand-katedra-gamming","7":"product_cat-herni-podlozka-pod-mys-a-klavesnici","8":"product_cat-prislusenstvi-k-pocitaci","9":"product_tag-cerna","10":"product_tag-herni","11":"product_tag-hybridni-povrch","12":"product_tag-podlozka","13":"product_tag-rgb","14":"product_tag-xl","16":"first","17":"instock","18":"sale","19":"taxable","20":"shipping-taxable","21":"purchasable","22":"product-type-simple"},"jetpack_sharing_enabled":true,"_links":{"self":[{"href":"https:\/\/etev7e.pef.czu.cz\/zs2223\/wp-json\/wp\/v2\/product\/7891","targetHints":{"allow":["GET"]}}],"collection":[{"href":"https:\/\/etev7e.pef.czu.cz\/zs2223\/wp-json\/wp\/v2\/product"}],"about":[{"href":"https:\/\/etev7e.pef.czu.cz\/zs2223\/wp-json\/wp\/v2\/types\/product"}],"replies":[{"embeddable":true,"href":"https:\/\/etev7e.pef.czu.cz\/zs2223\/wp-json\/wp\/v2\/comments?post=7891"}],"wp:featuredmedia":[{"embeddable":true,"href":"https:\/\/etev7e.pef.czu.cz\/zs2223\/wp-json\/wp\/v2\/media\/7888"}],"wp:attachment":[{"href":"https:\/\/etev7e.pef.czu.cz\/zs2223\/wp-json\/wp\/v2\/media?parent=7891"}],"wp:term":[{"taxonomy":"product_brand","embeddable":true,"href":"https:\/\/etev7e.pef.czu.cz\/zs2223\/wp-json\/wp\/v2\/product_brand?post=7891"},{"taxonomy":"product_cat","embeddable":true,"href":"https:\/\/etev7e.pef.czu.cz\/zs2223\/wp-json\/wp\/v2\/product_cat?post=7891"},{"taxonomy":"product_tag","embeddable":true,"href":"https:\/\/etev7e.pef.czu.cz\/zs2223\/wp-json\/wp\/v2\/product_tag?post=7891"}],"curies":[{"name":"wp","href":"https:\/\/api.w.org\/{rel}","templated":true}]}}