{"id":8026,"date":"2025-11-10T22:19:51","date_gmt":"2025-11-10T21:19:51","guid":{"rendered":"https:\/\/etev7e.pef.czu.cz\/zs2223\/?post_type=product&#038;p=8026"},"modified":"2025-11-10T22:28:17","modified_gmt":"2025-11-10T21:28:17","slug":"bombaysapphiregin","status":"publish","type":"product","link":"https:\/\/etev7e.pef.czu.cz\/zs2223\/produkt\/bombaysapphiregin\/","title":{"rendered":"Bombay Sapphire Gin"},"content":{"rendered":"<p>Objevte<strong>\u00a0Bombay Sapphire Gin<\/strong>,<strong>\u00a0<\/strong>ikonick\u00fd gin s jemn\u011b vyv\u00e1\u017eenou chut\u00ed deseti pe\u010dliv\u011b vybran\u00fdch botanick\u00fdch ingredienc\u00ed, mezi nimi\u017e nechyb\u00ed jalovec, koriandr nebo citr\u00f3nov\u00e1 k\u016fra. Jeho sv\u011b\u017e\u00ed a aromatick\u00e1 chu\u0165 je ide\u00e1ln\u00ed pro klasick\u00e9 ginov\u00e9 koktejly, jako je Gin &amp; Tonic, nebo pro kreativn\u00ed mixy. S obsahem alkoholu 40 % a objemem 0,7 l p\u0159in\u00e1\u0161\u00ed Bombay Sapphire ka\u017ed\u00fd dou\u0161ek jako okam\u017eik elegance a sofistikovan\u00e9ho z\u00e1\u017eitku.<\/p>\n","protected":false},"excerpt":{"rendered":"<p>Objevte\u00a0Bombay Sapphire Gin,\u00a0ikonick\u00fd gin s jemn\u011b vyv\u00e1\u017eenou chut\u00ed deseti pe\u010dliv\u011b vybran\u00fdch botanick\u00fdch ingredienc\u00ed, mezi nimi\u017e nechyb\u00ed jalovec, koriandr nebo citr\u00f3nov\u00e1 k\u016fra. Jeho sv\u011b\u017e\u00ed a aromatick\u00e1 chu\u0165 je ide\u00e1ln\u00ed pro klasick\u00e9 ginov\u00e9 koktejly, jako je Gin &amp; Tonic, nebo pro kreativn\u00ed mixy. S obsahem alkoholu 40 % a objemem 0,7 l p\u0159in\u00e1\u0161\u00ed Bombay Sapphire ka\u017ed\u00fd dou\u0161ek [&hellip;]<\/p>\n","protected":false},"featured_media":8027,"comment_status":"open","ping_status":"closed","template":"","meta":[],"product_brand":[],"product_cat":[2326],"product_tag":[2343,2340,2344,2342,2341,2339],"class_list":{"0":"post-8026","1":"product","2":"type-product","3":"status-publish","4":"has-post-thumbnail","6":"product_cat-lihoviny","7":"product_tag-bombay-sapphire","8":"product_tag-botanicky-gin","9":"product_tag-elegantni-design-lahve","10":"product_tag-gin-tonic","11":"product_tag-jalovec-a-citrusy","12":"product_tag-premiovy-gin","14":"first","15":"instock","16":"sale","17":"taxable","18":"shipping-taxable","19":"purchasable","20":"product-type-simple"},"jetpack_sharing_enabled":true,"_links":{"self":[{"href":"https:\/\/etev7e.pef.czu.cz\/zs2223\/wp-json\/wp\/v2\/product\/8026","targetHints":{"allow":["GET"]}}],"collection":[{"href":"https:\/\/etev7e.pef.czu.cz\/zs2223\/wp-json\/wp\/v2\/product"}],"about":[{"href":"https:\/\/etev7e.pef.czu.cz\/zs2223\/wp-json\/wp\/v2\/types\/product"}],"replies":[{"embeddable":true,"href":"https:\/\/etev7e.pef.czu.cz\/zs2223\/wp-json\/wp\/v2\/comments?post=8026"}],"wp:featuredmedia":[{"embeddable":true,"href":"https:\/\/etev7e.pef.czu.cz\/zs2223\/wp-json\/wp\/v2\/media\/8027"}],"wp:attachment":[{"href":"https:\/\/etev7e.pef.czu.cz\/zs2223\/wp-json\/wp\/v2\/media?parent=8026"}],"wp:term":[{"taxonomy":"product_brand","embeddable":true,"href":"https:\/\/etev7e.pef.czu.cz\/zs2223\/wp-json\/wp\/v2\/product_brand?post=8026"},{"taxonomy":"product_cat","embeddable":true,"href":"https:\/\/etev7e.pef.czu.cz\/zs2223\/wp-json\/wp\/v2\/product_cat?post=8026"},{"taxonomy":"product_tag","embeddable":true,"href":"https:\/\/etev7e.pef.czu.cz\/zs2223\/wp-json\/wp\/v2\/product_tag?post=8026"}],"curies":[{"name":"wp","href":"https:\/\/api.w.org\/{rel}","templated":true}]}}